 -605 (base 12) to base 5.
-11434
Convert 204551 (base 6) to base 10.
16627
Convert 52 (base 10) to base 4.
310
What is -1010110100010111 (base 2) in base 13?
-17227
162 (base 10) to base 9
200
What is 737a (base 11) in base 10?
9767
Convert 2345 (base 15) to base 5.
214430
-4819 (base 15) to base 2
-11101111011100
-345 (base 9) to base 8
-434
12439 (base 14) to base 10
44739
What is -74313 (base 9) in base 10?
-49098
What is 838 (base 10) in base 14?
43c
Convert -120001 (base 3) to base 15.
-1c1
Convert 1a3b (base 12) to base 9.
4362
Convert 100000212 (base 3) to base 6.
50252
Convert -4c8 (base 15) to base 12.
-768
Convert -4458 (base 11) to base 14.
-21d5
What is 887 (base 10) in base 4?
31313
What is -394 (base 11) in base 15?
-211
22200202 (base 3) to base 14
244a
What is 11101000 (base 2) in base 6?
1024
Convert -3097 (base 11) to base 6.
-30551
Convert -22132 (base 4) to base 16.
-29e
What is -25317 (base 8) in base 2?
-10101011001111
What is 40661 (base 8) in base 15?
4eb2
Convert -21203 (base 4) to base 14.
-319
Convert 38 (base 14) to base 8.
62
What is -1cb (base 15) in base 5?
-3131
What is 21 (base 8) in base 14?
13
What is 9b3 (base 15) in base 16?
891
Convert -33142 (base 6) to base 14.
-1966
Convert 262135 (base 7) to base 9.
73821
-6b7 (base 12) to base 7
-2632
-10111 (base 9) to base 3
-100010101
Convert -351 (base 12) to base 14.
-273
What is -10000111101010 (base 2) in base 16?
-21ea
Convert -8a3 (base 14) to base 7.
-4663
Convert -3126 (base 16) to base 9.
-18230
Convert -1221 (base 14) to base 15.
-e10
8f9 (base 16) to base 6
14345
-88 (base 11) to base 6
-240
c266 (base 14) to base 3
1200211102
What is 1011111111000 (base 2) in base 5?
144021
What is 223300 (base 4) in base 12?
1754
What is -13303 (base 5) in base 8?
-2066
What is 3cc (base 15) in base 9?
1163
Convert 33121 (base 4) to base 15.
45a
What is -c82c (base 14) in base 13?
-12948
What is -421 (base 11) in base 3?
-200210
Convert -12735 (base 8) to base 11.
-4229
2102010 (base 3) to base 16
6de
What is -152330 (base 6) in base 15?
-45c9
Convert 303221 (base 5) to base 8.
23123
102231 (base 4) to base 14
617
12010121 (base 3) to base 8
7236
What is 2016 (base 12) in base 11?
2679
Convert 202001 (base 3) to base 14.
2a9
-10232 (base 4) to base 13
-1a3
Convert -3e3 (base 15) to base 11.
-738
What is -c24 (base 13) in base 16?
-80a
5726 (base 12) to base 10
9678
What is -75a (base 11) in base 5?
-12122
What is 7865 (base 13) in base 12?
9892
What is 2030 (base 4) in base 10?
140
9e68 (base 16) to base 15
c037
Convert 7c5 (base 14) to base 7.
4335
Convert 3488 (base 11) to base 10.
4573
What is 110102101 (base 3) in base 15?
2a3a
What is -15077 (base 8) in base 13?
-309b
4033232 (base 5) to base 10
64817
What is 7816 (base 9) in base 3?
21220120
Convert -301 (base 10) to base 15.
-151
Convert -534 (base 14) to base 10.
-1026
What is c3 (base 16) in base 12?
143
1210012 (base 3) to base 6
10005
Convert -28b (base 13) to base 4.
-13011
a9 (base 14) to base 3
12112
Convert -117070 (base 8) to base 5.
-2244004
What is -22217 (base 10) in base 6?
-250505
-4421 (base 5) to base 7
-1532
Convert -76372 (base 9) to base 16.
-c5b1
-4ab (base 15) to base 3
-1110022
Convert -959 (base 16) to base 9.
-3248
2bb (base 15) to base 8
1162
What is 141 (base 15) in base 5?
2121
Convert -79370 (base 10) to base 5.
-10014440
1a88 (base 13) to base 4
332133
What is 261 (base 13) in base 14?
21b
Convert -2c1 (base 13) to base 9.
-610
2221012 (base 3) to base 12
12a2
What is 1412 (base 7) in base 15?
268
Convert -3ce (base 16) to base 12.
-692
-616 (base 7) to base 13
-1a8
-81 (base 13) to base 6
-253
113613 (base 9) to base 8
205307
9d (base 15) to base 10
148
Convert 57127 (base 8) to base 10.
24151
What is -521c (base 16) in base 14?
-7936
Convert 516 (base 16) to base 5.
20202
Convert 90b (base 14) to base 3.
2102202
Convert -244 (base 10) to base 2.
-11110100
Convert -100623 (base 8) to base 10.
-33171
Convert -12022 (base 4) to base 2.
-110001010
-582b (base 15) to base 13
-8699
3631 (base 10) to base 13
1864
Convert -b89 (base 15) to base 13.
-1254
What is 32552 (base 7) in base 3?
102012122
Convert -224 (base 14) to base 8.
-650
Convert -215511 (base 6) to base 15.
-557a
What is 111 (base 12) in base 3?
12211
-a90 (base 13) to base 2
-11100001111
Convert -1100111001 (base 2) to base 8.
-1471
Convert -3204 (base 6) to base 11.
-5a9
2411 (base 9) to base 10
1792
-15730 (base 13) to base 11
-286a2
10001110110 (base 2) to base 13
69b
-16232 (base 8) to base 3
-101001012
Convert 33311 (base 5) to base 13.
10a4
Convert -110210002 (base 3) to base 4.
-2101211
129 (base 11) to base 15
a2
What is -1551 (base 6) in base 9?
-524
253555 (base 7) to base 2
1011011101010101
What is 982 (base 12) in base 9?
1818
Convert -73 (base 9) to base 14.
-4a
Convert 436 (base 8) to base 6.
1154
Convert 18263 (base 10) to base 7.
104150
Convert -16 (base 11) to base 16.
-11
What is -12a (base 11) in base 6?
-413
Convert 13b2 (base 12) to base 2.
100011110110
5126 (base 12) to base 4
2021232
What is -103112 (base 4) in base 7?
-3416
What is 328 (base 9) in base 3?
100222
-55426 (base 7) to base 6
-144304
200122112 (base 3) to base 16
351b
1ca2 (base 15) to base 3
22112122
What is 2000002121 (base 3) in base 8?
115014
-2038 (base 14) to base 6
-41350
Convert -7116 (base 8) to base 7.
-13451
What is 10123111 (base 4) in base 13?
833b
What is -110100010 (base 2) in base 7?
-1135
Convert 100100111100001 (base 2) to base 6.
223321
Convert -152d4 (base 14) to base 9.
-80271
What is 2331 (base 7) in base 16?
357
What is -34653 (base 7) in base 9?
-13186
-41 (base 14) to base 16
-39
-8bd (base 15) to base 11
-1539
What is -20a (base 15) in base 2?
-111001100
1000010110000 (base 2) to base 13
1c38
1190 (base 10) to base 9
1562
14263 (base 13) to base 10
37768
What is -23100 (base 4) in base 15?
-330
Convert 101000010001110 (base 2) to base 6.
235250
What is -2111101202 (base 3) in base 9?
-74352
-831 (base 15) to base 5
-24341
What is 139 (base 10) in base 16?
8b
What is 22b2 (base 14) in base 8?
13624
What is 202011 (base 4) in base 8?
4205
What is 22b9 (base 12) in base 15?
1240
-7383 (base 9) to base 5
-133141
Convert 1b0 (base 14) to base 5.
2400
3204 (base 7) to base 9
1486
Convert 6813 (base 11) to base 10.
8968
Convert 1229 (base 10) to base 13.
737
Convert 100001101 (base 2) to base 14.
153
-1331 (base 11) to base 13
-a2c
What is 1aa1 (base 11) in base 14?
d76
Convert 10014 (base 5) to base 4.
21322
Convert 2101110020 (base 3) to base 7.
253662
Convert -1265 (base 11) to base 3.
-2020220
What is 1321 (base 8) in base 9?
881
-26ba (base 13) to base 3
-21121222
What is -133220 (base 4) in base 2?
-11111101000
-34455 (base 6) to base 15
-16db
Convert -8513 (base 11) to base 2.
-10110000000011
124044 (base 7) to base 2
101100111100101
What is 11420 (base 5) in base 11?
712
-1001210 (base 3) to base 14
-3d7
-388 (base 11) to base 2
-111001011
What is -201221 (base 3) in base 6?
-2254
4999 (base 13) to base 7
42265
What is -11ada (base 14) in base 5?
-2341222
Convert 251 (base 15) to base 10.
526
cda1 (base 15) to base 7
241021
Convert 10030 (base 4) to base 15.
12d
Convert 4051 (base 6) to base 8.
1577
-215 (base 6) to base 11
-76
What is -3b (base 14) in base 6?
-125
Convert -768 (base 14) to base 12.
-a20
10385 (base 9) to base 3
100102212
What is -51203 (base 8) in base 2?
-101001010000011
Convert -3148 (base 10) to base 14.
-120c
Convert -2663 (base 9) to base 12.
-11a9
Convert 30a (base 16) to base 13.
47b
Convert 5185 (base 15) to base 16.
4349
Convert 11313 (base 5) to base 15.
3a8
-1122200 (base 3) to base 4
-102312
Convert 430043 (base 5) to base 16.
383e
What is 10202021 (base 3) in base 12?
16ba
What is -223 (base 8) in base 3?
-12110
What is 425 (base 7) in base 3?
21222
What is 42122 (base 5) in base 14?
1031
-13220 (base 7) to base 14
-1410
16007 (base 9) to base 11
8248
What is 2550 (base 13) in base 14?
1d0c
Convert 4236 (base 7) to base 14.
78d
Convert -4a3 (base 12) to base 16.
-2bb
What is 2232 (base 4) in base 16?
ae
What is -ba91 (base 15) in base 12?
-1aa47
-7172 (base 10) to base 14
-2884
What is -b516 (base 12) in base 15?
-5cb6
What is -1b04 (base 14) in base 16?
-1328
-103423 (base 5